est common divisor of n and 276?
12
Let x be (2970/1650)/((-3)/(-8575)). What is the highest common divisor of 15 and x?
15
Let q be (-340)/3 - 10/15. Let r = 125 + q. What is the greatest common factor of 44 and r?
11
Let n(u) = u**2 - 57*u + 218. Let m be n(55). Let z(p) = p**2 + 3*p - 8. Let i be z(-7). Let g = 32 - i. Calculate the highest common divisor of m and g.
12
Let t = 1186 + -642. Calculate the highest common factor of t and 128.
32
Suppose -9*y = -0*y + 27. Let j(l) = l**2 - 6. Let g be j(y). Let u be (-240)/(-8) - -1*3. Calculate the highest common divisor of u and g.
3
Let i = -163 + 167. Suppose -6*p + 2*p = -i*s - 496, 2*p = -3*s + 253. What is the greatest common divisor of 10 and p?
5
Suppose -2*g + g = -1, -5*g - 25 = -a. Suppose 5*j - 205 = 5*u, -33*j + 127 = -a*j - 2*u. What is the greatest common factor of j and 20?
5
Let j(k) = -216*k - 7534. Let n be j(-35). What is the greatest common divisor of 736 and n?
2
Let o = -30 + 52. Suppose 0 = -4*x + 3*f - 6, 3*f - 6 = -x + 3*x. Let a be (x - -22)*(-30)/(-12). What is the highest common factor of a and o?
11
Let f(r) = -r**2 + 15*r - 51. Let v be f(6). Suppose 0 = -v*m + 3*k + 33, 9*m - 11*m - 4*k = 2. What is the greatest common divisor of m and 553?
7
Suppose 0 = -34*o + 12860 + 9716. Suppose -368 = -5*v + 47. Calculate the greatest common divisor of o and v.
83
Let g = 12 + -5. Let r be (g - 248/24)*228/(-5). Suppose 46 = 4*l - 30. What is the highest common factor of r and l?
19
Let f be 23/69*6/1. Let x be ((-161)/69)/(f/(-24)). Calculate the greatest common factor of x and 259.
7
Let s = -298 + 303. Let u be (s - 1)/(5/((-12950)/(-20))). Calculate the greatest common divisor of 14 and u.
14
Let m(l) = 7*l - 1. Let c be m(1). Suppose -c*i + 4*i = -96. Suppose 10*k + 0*k + 27482 = 27542. Calculate the highest common factor of i and k.
6
Let b(y) = 727*y**2 - 39*y + 1. Let f be b(-1). Calculate the greatest common divisor of f and 118.
59
Let b(x) = 3*x - 63*x**3 - 3 + 31*x**3 + 32 + 33*x**3 - 2. Let v be b(0). What is the greatest common factor of v and 621?
27
Let h be (8/15*(104 + -98))/((-2)/(-10)). Calculate the highest common factor of h and 1.
1
Suppose 0 = 4*z - b + 5*b + 40, b + 17 = -2*z. Let l(p) = -8*p - 21. Let c be l(z). What is the greatest common factor of c and 805?
35
Suppose 1 + 5 = -4*q - 2*y, -2*q - 2*y + 2 = 0. Let t be 1 + 24 - (8 + q). Calculate the highest common factor of 189 and t.
21
Let m = -8068 - -14569. Calculate the greatest common divisor of 33 and m.
33
Let w be 6/(-4) - (-415)/10. Let c = 3031 + -3011. What is the highest common divisor of w and c?
20
Suppose -25*j - 56 = -106. Calculate the greatest common factor of 512 and j.
2
Let o be (-248)/(-18) + (-148)/(-666). What is the highest common factor of 98 and o?
14
Suppose 0 = 2*u - 8*f + 4*f - 6, -5*u - 2*f = -3. Let v = 326 - 317. Calculate the greatest common divisor of v and u.
1
Suppose 4*n - 25 = -3*f, -4*f = -54*n + 51*n. Calculate the greatest common factor of 2750 and n.
2
Let o be 9 + -13 - -32 - 2*1. Let v be -2*2/((-4)/o). Calculate the highest common factor of 26 and v.
26
Let w = 31 + 33. Let x be 16*((-1)/(-4) - 108/(-16)). What is the highest common factor of w and x?
16
Suppose 4*h = -340 - 236. Let w = -78 - h. What is the highest common divisor of w and 22?
22
Let m = 3785 + -3444. Calculate the highest common factor of m and 403.
31
Let o(u) = -2*u - u**3 + 2*u - 22 + 23. Let h be o(-2). What is the greatest common factor of h and 6?
3
Let q(c) = 3*c**2 - 11*c - 85. Let o be q(-11). Let l = -154 - -175. What is the highest common factor of o and l?
21
Let z = -28 - -94. Suppose 39 = 5*y - z. Suppose -27 = -6*c + y. Calculate the greatest common divisor of c and 72.
8
Suppose -k = 3*c + 23, -34*k + 45 = -5*c - 39*k. Let h be -6 + 3 - (-876)/((-42)/c). Calculate the greatest common divisor of h and 182.
13
Let b = 666 - 654. Calculate the greatest common factor of 3180 and b.
12
Let y be 231/(-45) + 2/15. Let i be (52 - (2 + y)) + 2. Let m = 614 + -576. What is the highest common factor of m and i?
19
Let z be (7/(21/(-10)))/(2/444). Let i = -704 - z. What is the greatest common factor of 228 and i?
12
Suppose 2*a - 346 = 4*k, 3*k = a - 111 - 60. Calculate the greatest common divisor of a and 3.
3
Let f(v) = 2*v - 7. Let i be f(5). Let r = -7116 + 7164. What is the greatest common factor of r and i?
3
Suppose 4*i + m = -12, i - 3*i + 4*m - 6 = 0. Let x be 246/21*(i + 10). Calculate the greatest common factor of x and 2.
2
Suppose -24*p + 27*p - h - 13 = 0, -4*h - 2 = -2*p. Suppose 0 = 3*o + 2*d - 3*d - 2266, -2*d + 3762 = p*o. Calculate the greatest common factor of 13 and o.
13
Let l(u) = 51*u - 576. Let w be l(12). Calculate the highest common factor of 39 and w.
3
Let k = 44 - -8. Suppose 2*i + 5*h + 3 = k, h - 20 = -i. Calculate the greatest common factor of i and 85.
17
Let l = -568 - -590. Let o be 3/6*0 - -4. Calculate the highest common factor of o and l.
2
Let u be 52*6/(-24) - -108. What is the highest common factor of u and 380?
95
Let c be (0/((-3)/(-5 - -2)))/2. Suppose -11*k + 662 + 64 = c. What is the greatest common divisor of 55 and k?
11
Let b be (-135)/(-60)*(-16)/6. Let r be 320/b + 8/(-12). Let q be 2466/15 + (r/15)/(-6). What is the highest common factor of q and 33?
33
Let b(o) = -2*o**2 - 2*o + 8. Let n be b(4). Let c = -23 - n. Suppose -90 = -w - c*w. What is the greatest common divisor of 18 and w?
9
Let h be (-85)/((-12325)/139258) - (-2)/(-5). What is the highest common factor of 36 and h?
12
Let x be (-351)/78*(-172)/3. Let o = -210 + x. What is the greatest common factor of 624 and o?
48
Let j be (2 - (-24)/18)/((-5)/(-450)*25). Let g be 3/(-4)*(11 - 7). Let x(v) = -v. Let p be x(g). What is the greatest common factor of j and p?
3
Let l(f) = 288*f**3 + f**2 + 15*f - 16. Let v be l(2). What is the greatest common factor of 6 and v?
6
Suppose 0 = 3*k + 2*q - 36, -123*k = -120*k + 4*q - 48. Let s be 2 + -2 + (-2 - -38). Calculate the greatest common divisor of s and k.
4
Suppose 10*p = 14*p - 724. Let m = p + -174. What is the highest common factor of 77 and m?
7
Let t = 116 - 56. Let s(b) = 25*b + 1253. Let q be s(-50). What is the greatest common divisor of t and q?
3
Let u(h) = 2*h + 6. Let k be u(5). Let l(o) = -3*o**3 + o**2 + 107*o + 40. Let m be l(-8). Calculate the greatest common factor of k and m.
16
Let z(h) = 32*h**3 + 3*h**2 - 10*h + 7. Let i be z(2). Let w be 11 + (2/6 + -1)*-6. What is the highest common factor of w and i?
15
Let g(t) = t**2 - 4*t - 2. Let i be g(4). Let q be -5 - (155950/(-125) + i/5). Calculate the greatest common divisor of q and 11.
11
Suppose -1 - 53 = -6*b. Suppose -b*g = -1630 - 764. Calculate the greatest common divisor of g and 56.
14
Let y(p) = p**3 - 6*p**2 - 3*p - 4. Let h be y(6). Let l be 12/(-4 - h/4). Suppose 0 = -4*i + l*i - 128. Calculate the greatest common factor of 8 and i.
8
Let s be -30*((-6)/10)/1. Suppose -10*z - 70 + 430 = 0. What is the highest common divisor of s and z?
18
Let k = -75 - -64. Let d be (-21)/7 - k/1. Suppose -d*w + 155 = -37. What is the greatest common factor of 72 and w?
24
Let i be (5 + 161/(-35))/((-1)/(-360)). Let m = i - 36. Let w be 3 - m/(-15) - (-1)/(-5). Calculate the highest common divisor of w and 10.
10
Let p(t) = -t**3 + 85*t**2 - 83*t + 341. Let y be p(84). What is the highest common divisor of y and 50?
25
Let n be 14 - (1 + (-2 - 0))*0. Suppose 0 = 15*d + n - 179. Let f = 9 + 24. Calculate the highest common divisor of f and d.
11
Let a(y) = -334*y + 34. Suppose 7*i + 1 = -6. Let p be a(i). What is the highest common factor of p and 48?
16
Let z be 18/((297/(-924))/((-12)/14)). Let q(m) = m**2 + 2*m - 2. Let b be q(-4). Suppose -b = -2*c + 6. What is the greatest common factor of c and z?
6
Let g(y) = 7*y + 30. Let n be (4/6)/((-54)/81). Let a be g(n). What is the greatest common factor of 5 and a?
1
Suppose -z = 1 - 18. Let r(k) = -3*k**2 + 47 + 0*k**2 - 2*k**2 + 18*k + 4*k**2. Let f be r(z). Calculate the highest common factor of f and 80.
16
Suppose 2*g + 46 = 4*a - 0*a, -5*a + 45 = -5*g. Let o = 1139 + -852. What is the highest common factor of o and a?
7
Let c be 14/(-63) - 584/(-36). Let x be (-12)/(-10)*(-3 + 13). Suppose -64 = -16*d +